s the hundred thousands digit of 256190?
2
What is the thousands digit of 177197?
7
What is the millions digit of 2755939?
2
What is the hundreds digit of 393112?
1
What is the units digit of 3784562?
2
What is the tens digit of 1197518?
1
What is the ten thousands digit of 45359?
4
What is the thousands digit of 4118956?
8
What is the hundred thousands digit of 374963?
3
What is the millions digit of 2629144?
2
What is the units digit of 2217128?
8
What is the thousands digit of 6712464?
2
What is the hundred thousands digit of 14647982?
6
What is the ten thousands digit of 1001145?
0
What is the hundred thousands digit of 266320?
2
What is the tens digit of 422148?
4
What is the millions digit of 6483211?
6
What is the thousands digit of 2938634?
8
What is the millions digit of 21833105?
1
What is the thousands digit of 19264534?
4
What is the hundreds digit of 836153?
1
What is the hundreds digit of 167951?
9
What is the thousands digit of 7409095?
9
What is the ten thousands digit of 10471135?
7
What is the hundreds digit of 992852?
8
What is the ten thousands digit of 1463586?
6
What is the thousands digit of 7937571?
7
What is the units digit of 23185982?
2
What is the tens digit of 235658?
5
What is the thousands digit of 1661944?
1
What is the millions digit of 27223579?
7
What is the hundred thousands digit of 7760474?
7
What is the thousands digit of 608685?
8
What is the ten thousands digit of 30672?
3
What is the units digit of 14509599?
9
What is the units digit of 5106119?
9
What is the units digit of 19711567?
7
What is the hundreds digit of 273330?
3
What is the millions digit of 17930108?
7
What is the tens digit of 3108693?
9
What is the units digit of 544324?
4
What is the tens digit of 112818?
1
What is the hundred thousands digit of 13108967?
1
What is the thousands digit of 139393?
9
What is the units digit of 1656948?
8
What is the units digit of 426505?
5
What is the ten thousands digit of 2750631?
5
What is the ten thousands digit of 4881277?
8
What is the tens digit of 32668?
6
What is the millions digit of 3356254?
3
What is the units digit of 202434?
4
What is the thousands digit of 324554?
4
What is the tens digit of 381895?
9
What is the ten millions digit of 40459411?
4
What is the ten thousands digit of 5731117?
3
What is the tens digit of 2114612?
1
What is the hundreds digit of 993011?
0
What is the tens digit of 135138?
3
What is the hundred thousands digit of 22326987?
3
What is the hundred thousands digit of 280144?
2
What is the tens digit of 13442426?
2
What is the thousands digit of 24868?
4
What is the hundred thousands digit of 10834481?
8
What is the millions digit of 3946279?
3
What is the hundreds digit of 839362?
3
What is the hundreds digit of 1683796?
7
What is the millions digit of 5739071?
5
What is the units digit of 189302?
2
What is the units digit of 606831?
1
What is the hundred thousands digit of 2955636?
9
What is the tens digit of 16976?
7
What is the hundred thousands digit of 1268071?
2
What is the ten thousands digit of 776613?
7
What is the hundreds digit of 595743?
7
What is the hundred thousands digit of 299050?
2
What is the ten millions digit of 15204697?
1
What is the ten thousands digit of 81221?
8
What is the hundred thousands digit of 136521?
1
What is the units digit of 146515?
5
What is the ten thousands digit of 618645?
1
What is the hundreds digit of 4351948?
9
What is the tens digit of 5847526?
2
What is the hundred thousands digit of 116841?
1
What is the ten thousands digit of 4636604?
3
What is the ten millions digit of 10862516?
1
What is the thousands digit of 312104?
2
What is the hundreds digit of 237248?
2
What is the millions digit of 5913884?
5
What is the ten thousands digit of 1379858?
7
What is the hundreds digit of 204688?
6
What is the hundreds digit of 30053007?
0
What is the ten thousands digit of 249765?
4
What is the hundred thousands digit of 3483523?
4
What is the hundred thousands digit of 227587?
2
What is the tens digit of 492211?
1
What is the hundred thousands digit of 935611?
9
What is the units digit of 114813?
3
What is the millions digit of 7203643?
7
What is the thousands digit of 134109?
4
What is the hundreds digit of 3575072?
0
What is the hundred thousands digit of 7717859?
7
What is the hundreds digit of 1550730?
7
What is the hundreds digit of 678215?
2
What is the millions digit of 6720469?
6
What is the hundred thousands digit of 315059?
3
What is the tens digit of 5212527?
2
What is the millions digit of 2099156?
2
What is the ten thousands digit of 3223426?
2
What is the tens digit of 262792?
9
What is the units digit of 7551887?
7
What is the ten thousands digit of 49586?
4
What is the ten thousands digit of 8112351?
1
What is the hundred thousands digit of 1247466?
2
What is the units digit of 9218?
8
What is the millions digit of 1218582?
1
What is the millions digit of 10628931?
0
What is the ten thousands digit of 208899?
0
What is the hundred thousands digit of 390355?
3
What is the units digit of 214998?
8
What is the thousands digit of 544977?
4
What is the ten thousands digit of 227804?
2
What is the tens digit of 955970?
7
What is the ten thousands digit of 205329?
0
What is the hundreds digit of 2064446?
4
What is the tens digit of 322663?
6
What is the units digit of 2455359?
9
What is the hundreds digit of 492551?
5
What is the ten thousands digit of 858839?
5
What is the units digit of 21898023?
3
What is the hundred thousands digit of 623578?
6
What is the ten thousands digit of 2950836?
5
What is the ten thousands digit of 356197?
5
What is the hundred thousands digit of 535864?
5
What is the thousands digit of 19718456?
8
What is the hundreds digit of 198996?
9
What is the thousands digit of 8017520?
7
What is the tens digit of 800610?
1
What is the ten thousands digit of 1173595?
7
What is the thousands digit of 296438?
6
What is the ten thousands digit of 194981?
9
What is the hundreds digit of 5762?
7
What is the hundred thousands digit of 427247?
4
What is the hundred thousands digit of 165823?
1
What is the hundred thousands digit of 368978?
3
What is the hundreds digit of 234326?
3
What is the hundreds digit of 730831?
8
What is the units digit of 380628?
8
What is the hundreds digit of 1208475?
4
What is the millions digit of 1042225?
1
What is the hundred thousands digit of 4042089?
0
What is the ten thousands digit of 1968036?
6
What is the units digit of 1786984?
4
What is the ten thousands digit of 161558?
6
What is the tens digit of 1452511?
1
What is the hundred thousands digit of 127092?
1
What is the millions digit of 1991043?
1
What is the millions digit of 1080050?
1
What is the thousands digit of 71933?
1
What is the hundreds digit of 1935033?
0
What is the tens digit of 7643847?
4
What is the hundred thousands digit of 4156141?
1
What is the hundreds digit of 30324?
3
What is the ten thousands digit of 701443?
0
What is the thousands digit of 993130?
3
What is the tens digit of 872315?
1
What is the hundred thousands digit of 15923133?
9
What is the hundred thousands digit of 10313427?
3
What is the ten thousands digit of 161388?
6
What is the hundreds digit of 136709?
7
What is the thousands digit of 88814?
8
What is the thousands digit of 30210420?
0
What is the units digit of 2080296?
6
What is the tens digit of 10939341?
4
What is the hundred thousands digit of 192121?
1
What is the hundred thousands digit of 298791?
2
What is the tens digit of 40099409?
0
What is the tens digit of 9242694?
9
What is the hundred thousands digit of 937749?
9
What is the ten thousands digit of 13426001?
2
What is the hundreds digit of 400820?
8
What is the hundred thousands digit of 1089172?
0
What is the ten thousands digit of 2668240?
6
What is the tens digit of 9425794?
9
What is the ten thousands digit of 16922427?
2
What is the tens digit of 281?
8
What is the ten thousands digit of 180300?
8
What is the units digit of 144605?
5
What is the millions digit of 6490651?
6
What is the ten thousands digit of 70255?
7
What is the thousands digit of 4218274?
8
What is the ten thousands digit of 11774591?
7
What is the hundreds digit of 3157935?
9
What is the units digit of 1752961?
1
What is the thousands 